d 28.
28
Let g be -2*-1*(40*4 - -3). Suppose -4*y - 5*o = 146 + 137, 5*y + g = 3*o. Let q = -48 - y. What is the greatest common factor of q and 95?
19
Suppose 5*y - 3*u - 126 = 0, -u - 14 = 3*y - 98. Let p = -388 - -138. Let a be -3 + -4 - 1*p. Calculate the greatest common factor of a and y.
27
Let a(q) = 17*q**2 + 2*q + 1. Let j be a(-1). Suppose -j = -4*x - 0. Let r be (-3 - x/(-2))*(-910)/13. What is the greatest common divisor of r and 10?
10
Let z = 128 + -126. Let p be 216/90*15/z + 6. What is the greatest common factor of p and 32?
8
Let j be (-6 - 0)/(0 + 1 + 0). Let w(o) = 2 + 49 + o - 21. Let h be w(j). What is the greatest common factor of 48 and h?
24
Let y = -6017 + 7467. What is the greatest common factor of y and 638?
58
Let t(m) = -20*m**2 + 180*m - 19. Let c be t(3). Calculate the greatest common divisor of 165 and c.
11
Suppose -323 = q - 2*b, 0*b = -5*q + 4*b - 1597. Let i = 547 + q. Calculate the highest common factor of 10 and i.
10
Suppose 75 - 36 = 3*s. Let g(k) = -k + 63. Let j be g(s). Let n = -6 + 36. Calculate the highest common factor of n and j.
10
Suppose 0 = 25*i - 44*i + 874. Let g = -25 + i. Calculate the greatest common factor of g and 35.
7
Let c be (-2 - (-22)/6)/((-2)/(-138)). Let j = 30 - c. Let v = -66 - j. What is the greatest common factor of 1 and v?
1
Suppose 2 + 4 = 3*y. Suppose 4*g + 8 = y*r, -2*r + 7*r = -4*g + 48. Let a(x) = 40*x - 1048. Let l be a(28). What is the highest common divisor of r and l?
8
Let y(s) = 4*s**2 - 129*s + 156. Let v be y(31). Suppose 0 = -0*d + 5*d. Suppose 0 = -n - d + 4. What is the highest common divisor of v and n?
1
Let t(m) = -m**3 - 6*m**2 + m + 31. Let j be t(-5). Let w be (-5)/j + 32 - 3. What is the greatest common divisor of 24 and w?
24
Let a(d) = d**2 - 3*d + 2. Let u be a(2). Suppose u = 5*f - 336 + 126. Suppose f*i - 572 = 38*i. What is the greatest common factor of 13 and i?
13
Let b(t) = -20*t - 20. Suppose 13*z = -6*z - 152. Let n be b(z). Calculate the highest common divisor of n and 35.
35
Suppose 0 = 4*c - 4, 2 = 2*i - 2*c + 4. Suppose i*o - 3*k + 771 = 3*o, 1012 = 4*o - 4*k. Calculate the greatest common divisor of o and 51.
51
Suppose 58*u + 7350 = 20574. Calculate the highest common divisor of u and 36.
12
Let x(r) = r**3 - 6*r**2 - 4*r + 3. Let t be ((-21)/36)/((-2)/24). Let k be x(t). Calculate the highest common factor of 2 and k.
2
Suppose -2*z + 4 = 0, y + 3*z - 7*z - 343 = 0. Let h be 20 - (-57)/(13 + -10). Calculate the greatest common divisor of y and h.
39
Let d be (-6434)/(-8) + -1 - (-10)/(-40). Calculate the highest common factor of d and 146.
73
Suppose 1240 = 579*d + 82. What is the greatest common divisor of 931 and d?
1
Let u(t) = 1325*t**3 + 21*t**2 - 23*t + 3. Let g be u(1). Calculate the greatest common factor of g and 102.
102
Let l = 10091 - 8187. Calculate the highest common divisor of l and 784.
112
Let w = 13398 - 12980. Calculate the highest common divisor of w and 572.
22
Suppose z - 3*v - 113 = 0, 946*z + v - 478 = 942*z. What is the greatest common divisor of 40222 and z?
119
Suppose 300*a - 292*a + 16 = 0. Let k be a/9 + (-5316)/(-108) + -6. Calculate the highest common divisor of 387 and k.
43
Let n be 18 + (4 - (-4 + 6) - 4). Let b = -58 + 72. Let t be (8 + -1)*(-1)/(b/(-8)). Calculate the highest common factor of t and n.
4
Suppose -3*h + 165 = 579. Let q = 274 + h. What is the highest common divisor of 51 and q?
17
Suppose 2*v = s + 4799, -2*v + 4*s - 549 = -5363. What is the highest common divisor of 34 and v?
17
Let x = -539 - -1025. Let f be (x/45 + -4)/(2/10). Calculate the greatest common divisor of 85 and f.
17
Let b(f) = -f - 2. Let r be b(0). Let x be 12/(r*(-6)/8). Suppose 3*q - 3*y - 40 = 41, -5*y + 57 = q. What is the greatest common divisor of x and q?
8
Let g(m) = m**3 + 18*m**2 + 25*m + 30. Let r be g(-15). Let f be (24/(-20))/((-3)/(r/4)). What is the greatest common divisor of f and 15?
3
Suppose 4*p = -2*i + 268 + 218, -4*i = -3*p + 337. Calculate the greatest common divisor of p and 34.
17
Let b(s) = 71*s**2 - 38*s + 914. Let r be b(25). What is the greatest common divisor of r and 101?
101
Suppose -22*q - 19*q + 59 = -64. Let c = -13 + 35. Suppose -2*r + 32 = -c. What is the greatest common divisor of q and r?
3
Let g(h) = 17*h - 80. Let w be g(10). Let y(r) = r**3 + 6*r**2 + 7*r + 4. Let c be y(-4). Suppose d - 2 - c = 0. Calculate the highest common factor of w and d.
10
Suppose x + 2*f = -2*x + 50, 0 = 5*x - 2*f - 94. Suppose 1619 = -2*p + 1629, -3*i = -5*p + 7. Calculate the greatest common divisor of i and x.
6
Let a = -48 + 108. Let d = 51 - a. Let f be (-1 + 3)/((-56)/d - 6). Calculate the highest common factor of f and 45.
9
Let v = -7053 - -7120. What is the highest common factor of 24991 and v?
67
Let v(g) = 8*g + 4. Let t be v(3). Let j be (-1 - 2) + 77/21*3. Calculate the greatest common factor of t and j.
4
Let y be (70/(-3))/(-5)*1464/427. Suppose -1176 = -2*j - 4*o, 3147 - 183 = 5*j - 2*o. What is the greatest common factor of j and y?
16
Let c = 8633 - 8626. Calculate the greatest common divisor of 7091 and c.
7
Let o = -1810 + 2546. Let d(w) = -w**2 - 46*w + 128. Let q be d(-48). What is the greatest common factor of o and q?
32
Let t(w) = -w**3 + 2*w - 35. Let k be t(0). Let c = 35 + k. Suppose c = 4*r - 17 - 7. What is the highest common factor of 54 and r?
6
Suppose -3*p + 2*p = 27. Let b = 75 + -37. Let h = p + b. What is the greatest common factor of h and 88?
11
Suppose -781*g + 396*g + 402*g - 503812 = 0. Calculate the greatest common factor of 124 and g.
124
Let f(l) = -18*l + 761. Let x be f(30). What is the highest common factor of x and 289?
17
Let n(v) = -45*v**2 - 379*v + 23. Let z be n(-8). What is the greatest common divisor of z and 1025?
25
Let z = -1854 - -1896. Let j be 4*(-4 - -1)*-1. Suppose -r + 4*q - j = -41, -65 = -3*r + q. Calculate the greatest common divisor of r and z.
21
Let z be 29 + (-3 - -4) + -2. Suppose 344 = 5*v - 3*p, -61 - 19 = -v - 5*p. Calculate the greatest common divisor of v and z.
14
Let d(q) = -q**3 - 15*q**2 - 97*q - 1001. Let t be d(-18). What is the greatest common divisor of t and 2828?
101
Suppose 0 = 3*m + 3*a - 2814, -3*m + 192*a + 2765 = 188*a. What is the greatest common factor of 399 and m?
133
Let c(q) = 1153*q + 177. Let n be c(-9). Let h be n/(-20)*(-16)/(-10). What is the highest common factor of h and 48?
48
Let a(s) = -3*s - 49. Let p(u) = -5*u - 46. Let b(f) = -5*a(f) + 6*p(f). Let q be b(-3). Calculate the highest common divisor of q and 56.
14
Let q = 183 + -182. Let w be 4 - 1475/(-10)*2/q. What is the greatest common divisor of 46 and w?
23
Let b = 771 + -699. Let w be 16/b + (-52)/(-9) + 786. What is the highest common divisor of w and 72?
72
Suppose 4*b = f + 101, 2*f - 1988 = 5*b - 2112. Let y = -181 - -779. What is the highest common divisor of b and y?
26
Suppose c - 1478 = -4*q + 2395, 3*c - 11563 = 2*q. What is the greatest common factor of c and 38?
19
Let y(j) = -3*j + 56. Let g be y(17). Suppose -g*i - 25 = 0, -4*h + 34 = -4*i + 2. Let w be (-1)/(h - 68/22). What is the greatest common divisor of w and 11?
11
Let m(n) = 966*n - 5748. Let j be m(6). What is the highest common divisor of j and 92688?
48
Let b(v) = 158*v**2 + 5*v - 2. Let u be b(1). Let j = u + -138. What is the greatest common divisor of 943 and j?
23
Let z(h) = -43*h + 864. Let m be z(8). What is the highest common factor of 312 and m?
104
Suppose 48 + 12 = 15*i. Suppose d = i*u - 108, 108 = -0*u + 4*u - 5*d. Calculate the greatest common factor of u and 63.
9
Suppose -45*r + 39*r = 0. Suppose -5*g + 2*z + 53 + 260 = r, -3*g = -3*z - 186. What is the highest common factor of 3 and g?
3
Suppose -4*r + 3168 = -y - 2265, 5*y = 4*r - 5437. Calculate the highest common divisor of r and 28.
14
Let s be 6/(-1)*((-104)/16 + 6). Let k(d) = d**2 + 17*d - 63. Let m be k(-21). What is the greatest common factor of m and s?
3
Suppose 4*c - 9*c = -30. Suppose 3*a = 3*b + c, -4*a - 3*b = 10 - 39. Let d be (56/(-5))/((-2)/a). What is the highest common factor of d and 14?
14
Let z = 32783 + -31555. Calculate the greatest common divisor of 5833 and z.
307
Let s(n) = 851*n - 1895. Let k be s(7). What is the highest common factor of k and 6?
6
Let w = -9 